2?
12
What is the highest common divisor of 3109225 and 125132?
763
Calculate the highest common factor of 3683 and 476093.
29
Calculate the greatest common factor of 734130 and 16794.
54
Calculate the highest common factor of 15118681 and 1268.
317
Calculate the highest common divisor of 6647080 and 2200.
440
What is the greatest common factor of 3082 and 476013359?
1541
Calculate the greatest common divisor of 78600066 and 372.
186
What is the greatest common factor of 5640 and 20843400?
120
What is the highest common factor of 1078 and 70607218?
22
What is the greatest common divisor of 4380 and 15151515?
1095
What is the greatest common factor of 14725 and 209637925?
475
Calculate the greatest common divisor of 6840 and 7835000.
40
Calculate the greatest common divisor of 17927829 and 29.
29
What is the greatest common factor of 1880170 and 6530?
10
What is the highest common divisor of 4456 and 3213890?
1114
Calculate the greatest common divisor of 63098001 and 3.
3
Calculate the greatest common factor of 2096 and 2012.
4
Calculate the greatest common factor of 11151 and 26230338.
1593
Calculate the highest common factor of 100648 and 52.
4
What is the greatest common divisor of 4936 and 31702?
2
What is the highest common factor of 140 and 3737944?
28
Calculate the greatest common factor of 98 and 3921806.
14
Calculate the highest common divisor of 3278378 and 64770.
254
Calculate the greatest common factor of 6170 and 35345462.
1234
What is the greatest common factor of 325 and 2566811?
13
What is the highest common factor of 25060882 and 1383?
461
What is the highest common factor of 2496987 and 5315?
1063
What is the highest common factor of 2922861 and 17?
17
Calculate the greatest common factor of 1018090 and 340.
10
What is the greatest common factor of 416 and 21017399?
13
What is the greatest common divisor of 437334 and 1014?
6
What is the highest common divisor of 84753 and 459243?
1971
Calculate the greatest common factor of 276828 and 2153559.
4071
Calculate the highest common factor of 15333255 and 1575.
315
Calculate the highest common divisor of 8362 and 275172515.
4181
What is the greatest common factor of 918 and 661230?
54
What is the greatest common divisor of 3010 and 603923390?
3010
Calculate the highest common divisor of 85432733 and 1546.
773
Calculate the greatest common divisor of 54 and 6907622.
2
Calculate the highest common factor of 1776 and 23070573.
111
Calculate the highest common factor of 1330 and 17349850.
1330
Calculate the greatest common factor of 2598 and 362999055.
1299
Calculate the highest common divisor of 119065155 and 5.
5
What is the greatest common divisor of 1646 and 226?
2
Calculate the greatest common divisor of 20007248 and 48.
16
Calculate the greatest common divisor of 916804 and 717.
239
What is the highest common factor of 3939468 and 1068?
12
What is the highest common divisor of 81496317 and 21?
21
Calculate the highest common divisor of 41112 and 4401268.
2284
What is the greatest common divisor of 2595537 and 567?
189
What is the highest common divisor of 24288 and 302588?
1012
What is the highest common factor of 9324 and 5919704?
1036
What is the greatest common factor of 3 and 103252314?
3
What is the highest common divisor of 430038 and 11508?
42
Calculate the highest common factor of 33056007 and 36.
3
Calculate the greatest common factor of 16830 and 5079294.
3366
What is the greatest common factor of 28416 and 2126336?
256
Calculate the greatest common divisor of 3869779 and 122.
61
Calculate the greatest common factor of 95792 and 512.
16
Calculate the greatest common divisor of 288533058 and 2046.
2046
What is the greatest common factor of 355 and 94276569?
71
Calculate the greatest common divisor of 229956805 and 1885.
1885
What is the highest common factor of 3294632 and 11619?
1291
Calculate the highest common divisor of 345 and 187714638.
69
What is the greatest common divisor of 13161373 and 591?
197
Calculate the greatest common divisor of 129598995 and 33979.
3089
Calculate the highest common divisor of 16034 and 18806.
2
What is the greatest common divisor of 3411 and 3330652?
379
What is the greatest common factor of 450738653 and 14497?
2071
What is the highest common factor of 94426 and 7874?
62
Calculate the highest common divisor of 203164320 and 32.
32
Calculate the greatest common factor of 3000 and 347925.
75
What is the greatest common factor of 32 and 42033008?
16
Calculate the greatest common divisor of 9072 and 133519176.
504
What is the greatest common factor of 31107180 and 192?
12
Calculate the highest common divisor of 3695809 and 611.
13
Calculate the greatest common factor of 118151814 and 11.
11
Calculate the greatest common factor of 4325 and 219537.
173
Calculate the highest common factor of 15506619 and 3288.
411
What is the greatest common divisor of 26 and 348829?
13
Calculate the highest common factor of 964 and 3944206.
482
What is the highest common factor of 196437962 and 245?
49
Calculate the highest common divisor of 10875 and 67019.
29
What is the highest common factor of 2872 and 112332536?
2872
What is the highest common divisor of 3360875 and 280?
35
Calculate the highest common factor of 229 and 360778.
1
Calculate the greatest common factor of 104877 and 309753.
2439
Calculate the highest common divisor of 1236 and 4166.
2
What is the greatest common factor of 1560 and 1330980?
60
Calculate the highest common divisor of 1276783 and 3248.
29
Calculate the highest common divisor of 1701 and 31577343.
21
What is the greatest common factor of 4793 and 170357599?
4793
Calculate the highest common divisor of 7392 and 8459808.
672
What is the highest common divisor of 234 and 12613198?
26
What is the greatest common factor of 45250 and 761286?
362
Calculate the highest common factor of 38644 and 10436.
4
Calculate the greatest common divisor of 1708 and 706116236.
1708
What is the greatest common divisor of 21 and 38659593?
21
Calculate the highest common factor of 708684 and 1071116.
3236
Calculate the highest common factor of 19000 and 1104593500.
9500
Calculate the greatest common divisor of 108838532 and 6050.
242
Calculate the greatest common factor of 29800 and 59627416.
1192
What is the highest common divisor of 7124 and 56993781?
1781
Calculate the highest common divisor of 2970885 and 31.
31
What is the greatest common divisor of 35924672 and 11968?
1088
Calculate the highest common factor of 5025 and 26541.
3
Calculate the greatest common factor of 1922870 and 13090.
170
Calculate the greatest common factor of 41931868 and 308.
44
Calculate the highest common factor of 798250176 and 12.
12
Calculate the greatest common factor of 4063404 and 636.
636
What is the greatest common divisor of 2493 and 268538481?
2493
What is the greatest common divisor of 466692 and 59268?
12
What is the greatest common divisor of 5720 and 12432464?
88
Calculate the highest common factor of 548800 and 152.
8
Calculate the highest common factor of 585130 and 116480.
910
What is the highest common divisor of 204 and 15798542?
34
What is the highest common factor of 137156 and 12?
4
Calculate the greatest common divisor of 1368672 and 150.
6
What is the highest common divisor of 24521 and 194586?
791
What is the highest common factor of 3267702 and 13041?
1863
What is the highest common divisor of 61264482 and 548?
274
Calculate the greatest common divisor of 15052 and 564238.
106
What is the greatest common divisor of 1104731684 and 1624?
812
Calculate the greatest common divisor of 654166 and 161.
23
Calculate the greatest common factor of 8054520 and 45.
15
What is the greatest common divisor of 547902 and 666?
18
What is the highest common divisor of 216 and 108505368?
72
What is the greatest common factor of 168059 and 121237?
41
Calculate the highest common divisor of 6 and 542688351.
3
Calculate the greatest common factor of 11385 and 97999.
11
What is the greatest common divisor of 17917 and 113068?
23
What is the greatest common factor of 1308 and 37702446?
654
Calculate the greatest common divisor of 193147083 and 108.
9
What is the highest common factor of 2981 and 1664753?
271
Calculate the greatest common factor of 10852 and 17276.